{"id":7021,"date":"2023-07-11T09:48:29","date_gmt":"2023-07-11T09:48:29","guid":{"rendered":"https:\/\/miquelperez.com\/project\/el-laberinto-de-los-dioses\/"},"modified":"2024-01-25T15:10:59","modified_gmt":"2024-01-25T15:10:59","slug":"el-laberinto-de-los-dioses","status":"publish","type":"project","link":"https:\/\/miquelperez.com\/ca\/project\/el-laberinto-de-los-dioses\/","title":{"rendered":"El laberinto de los dioses"},"content":{"rendered":"<p>[et_pb_section fb_built=&#8221;1&#8243; admin_label=&#8221;section&#8221; _builder_version=&#8221;4.16&#8243; global_colors_info=&#8221;{}&#8221;][et_pb_row column_structure=&#8221;1_2,1_2&#8243; admin_label=&#8221;row&#8221; _builder_version=&#8221;4.16&#8243; background_size=&#8221;initial&#8221; background_position=&#8221;top_left&#8221; background_repeat=&#8221;repeat&#8221; global_colors_info=&#8221;{}&#8221;][et_pb_column type=&#8221;1_2&#8243; _builder_version=&#8221;4.16&#8243; custom_padding=&#8221;|||&#8221; global_colors_info=&#8221;{}&#8221; custom_padding__hover=&#8221;|||&#8221;][et_pb_gallery gallery_ids=&#8221;7042&#8243; fullwidth=&#8221;on&#8221; admin_label=&#8221;Galer\u00eda&#8221; _builder_version=&#8221;4.21.0&#8243; use_border_color=&#8221;off&#8221; border_color=&#8221;#ffffff&#8221; border_style=&#8221;solid&#8221; global_colors_info=&#8221;{}&#8221;][\/et_pb_gallery][et_pb_text admin_label=&#8221;M\u00fasicos&#8221; _builder_version=&#8221;4.21.0&#8243; text_text_color=&#8221;#ffffff&#8221; background_color=&#8221;#d9922c&#8221; background_size=&#8221;initial&#8221; background_position=&#8221;top_left&#8221; background_repeat=&#8221;repeat&#8221; custom_padding=&#8221;10px|10px|10px|10px&#8221; use_border_color=&#8221;off&#8221; border_color=&#8221;#ffffff&#8221; border_style=&#8221;solid&#8221; global_colors_info=&#8221;{}&#8221;]<\/p>\n<p><strong>M\u00daSICS<\/strong><\/p>\n<ul>\n<li>Jos\u00e9 Ma\u00f1\u00f3: veu<\/li>\n<li>Virginia Blanes: veu en *Salida del laberinto<\/li>\n<li>Magdalena Mart\u00ednez: flauta<\/li>\n<li>EryTakeya: viol\u00ed<\/li>\n<li>Rafal Jeziersky: violoncel<\/li>\n<li>Antonio S\u00e1nchez: percussi\u00f3 i efecto<\/li>\n<li>Miquel P\u00e9rez Perell\u00f3: guitarra i tiorba<\/li>\n<\/ul>\n<p>Grabaci\u00f3 i masteritzaci\u00f3: Tahir Durkalic<\/p>\n<p>[\/et_pb_text][\/et_pb_column][et_pb_column type=&#8221;1_2&#8243; _builder_version=&#8221;4.16&#8243; custom_padding=&#8221;|||&#8221; global_colors_info=&#8221;{}&#8221; custom_padding__hover=&#8221;|||&#8221;][et_pb_text admin_label=&#8221;Texto CD&#8221; _builder_version=&#8221;4.21.0&#8243; background_size=&#8221;initial&#8221; background_position=&#8221;top_left&#8221; background_repeat=&#8221;repeat&#8221; use_border_color=&#8221;off&#8221; border_color=&#8221;#ffffff&#8221; border_style=&#8221;solid&#8221; global_colors_info=&#8221;{}&#8221;]<\/p>\n<h2>El laberinto de los dioses. 2023<\/h2>\n<p>\u201cEl laberinto de los dioses\u201d (memories d&#8217;un \u00e0ngel caido), \u00e9s la novel\u00b7la escrita en prosa po\u00e8tica de l&#8217;escriptora Virginia Blanes, sobre la qual Miquel P\u00e9rez Perell\u00f3 he treballat. Es tracta d&#8217;una selecci\u00f3 de textos d&#8217;aquesta, musicats en diversos estils, el contingut dels quals Miquel ha volgut emfatitzar i ressaltar.<\/p>\n<p>La tem\u00e0tica de l&#8217;obra succeeix entorn de l&#8217;ombra-dimoni d&#8217;una pintora i la hist\u00f2ria d&#8217;amor que neix entre ells. Aquesta roman\u00e7 serveix a l&#8217;escriptora per a desplegar tota una s\u00e8rie de coneixements impl\u00edcits molt relacionats amb el treball interior i de consci\u00e8ncia, que en el seu total resulten una analogia de la transmutaci\u00f3 de l&#8217;ombra personal.<\/p>\n<p>L&#8217;obra es desplega a trav\u00e9s d&#8217;onze cap\u00edtols, que encara que no poden substituir la lectura del llibre, creen una atmosfera emotiva i profunda.<\/p>\n<p>[\/et_pb_text][et_pb_button button_url=&#8221;https:\/\/miquelperez.com\/ca\/contratacion\/&#8221; url_new_window=&#8221;on&#8221; button_text=&#8221;Contrataci\u00f3n y reserva.&#8221; _builder_version=&#8221;4.21.0&#8243; _module_preset=&#8221;default&#8221; custom_button=&#8221;on&#8221; button_text_color=&#8221;#ffffff&#8221; button_bg_color=&#8221;#e09900&#8243; global_colors_info=&#8221;{}&#8221;][\/et_pb_button][et_pb_button button_url=&#8221;https:\/\/open.spotify.com\/album\/6L2jAZ3G4EWpACNkBswaIl?si=_Uqmo_auTbG9B0FGM8gzNA&#8221; url_new_window=&#8221;on&#8221; button_text=&#8221;Acceso al disco en Spotify&#8221; _builder_version=&#8221;4.21.0&#8243; _module_preset=&#8221;default&#8221; global_colors_info=&#8221;{}&#8221;][\/et_pb_button][et_pb_text admin_label=&#8221;lista de temas&#8221; _builder_version=&#8221;4.21.0&#8243; text_text_color=&#8221;#ffffff&#8221; background_color=&#8221;#d9922c&#8221; background_size=&#8221;initial&#8221; background_position=&#8221;top_left&#8221; background_repeat=&#8221;repeat&#8221; custom_padding=&#8221;10px|10px|10px|10px&#8221; use_border_color=&#8221;off&#8221; border_color=&#8221;#ffffff&#8221; border_style=&#8221;solid&#8221; global_colors_info=&#8221;{}&#8221;]<\/p>\n<p><strong>CR\u00c8DITS<\/strong><\/p>\n<ol>\n<li>A veces todo est\u00e1 oscuro<\/li>\n<li>Ella reconoce su sombra<\/li>\n<li>Ella me invita a jugar a trav\u00e9s suya<\/li>\n<li>Hada\u00a0 y Daem\u00f3n<\/li>\n<li>Civilizaci\u00f3n tras civilizaci\u00f3n<\/li>\n<li>Amor roto<\/li>\n<li>Renuncia por amor<\/li>\n<li>El nacimiento de los nuevos v\u00e1stagos<\/li>\n<li>Rendici\u00f3n<\/li>\n<li>El nacimiento del \u00e1ngel<\/li>\n<li>Salida del laberinto<\/li>\n<\/ol>\n<p>[\/et_pb_text][\/et_pb_column][\/et_pb_row][et_pb_row admin_label=&#8221;Fila&#8221; _builder_version=&#8221;4.16&#8243; background_size=&#8221;initial&#8221; background_position=&#8221;top_left&#8221; background_repeat=&#8221;repeat&#8221; global_colors_info=&#8221;{}&#8221;][et_pb_column type=&#8221;4_4&#8243; _builder_version=&#8221;4.16&#8243; custom_padding=&#8221;|||&#8221; global_colors_info=&#8221;{}&#8221; custom_padding__hover=&#8221;|||&#8221;][\/et_pb_column][\/et_pb_row][\/et_pb_section][et_pb_section fb_built=&#8221;1&#8243; fullwidth=&#8221;on&#8221; admin_label=&#8221;Secci\u00f3n&#8221; _builder_version=&#8221;4.16&#8243; global_colors_info=&#8221;{}&#8221;][et_pb_fullwidth_header title=&#8221;Otros proyectos de m\u00fasica y literatura&#8221; content_max_width=&#8221;none&#8221; title_font_color=&#8221;#ffffff&#8221; admin_label=&#8221;T\u00edtulo discografia&#8221; _builder_version=&#8221;4.21.0&#8243; title_text_color=&#8221;#ffffff&#8221; background_layout=&#8221;light&#8221; custom_css_main_element=&#8221;padding:10px 0;&#8221; button_one_letter_spacing_hover=&#8221;0&#8243; button_two_letter_spacing_hover=&#8221;0&#8243; global_colors_info=&#8221;{}&#8221; button_one_text_size__hover_enabled=&#8221;off&#8221; button_two_text_size__hover_enabled=&#8221;off&#8221; button_one_text_color__hover_enabled=&#8221;off&#8221; button_two_text_color__hover_enabled=&#8221;off&#8221; button_one_border_width__hover_enabled=&#8221;off&#8221; button_two_border_width__hover_enabled=&#8221;off&#8221; button_one_border_color__hover_enabled=&#8221;off&#8221; button_two_border_color__hover_enabled=&#8221;off&#8221; button_one_border_radius__hover_enabled=&#8221;off&#8221; button_two_border_radius__hover_enabled=&#8221;off&#8221; button_one_letter_spacing__hover_enabled=&#8221;on&#8221; button_one_letter_spacing__hover=&#8221;0&#8243; button_two_letter_spacing__hover_enabled=&#8221;on&#8221; button_two_letter_spacing__hover=&#8221;0&#8243; button_one_bg_color__hover_enabled=&#8221;off&#8221; button_two_bg_color__hover_enabled=&#8221;off&#8221;][\/et_pb_fullwidth_header][et_pb_fullwidth_portfolio include_categories=&#8221;38,431&#8243; show_date=&#8221;off&#8221; admin_label=&#8221;Carrusel discografia&#8221; _builder_version=&#8221;4.21.0&#8243; background_size=&#8221;initial&#8221; background_position=&#8221;top_left&#8221; background_repeat=&#8221;repeat&#8221; auto=&#8221;on&#8221; use_border_color=&#8221;off&#8221; border_color=&#8221;#ffffff&#8221; border_style=&#8221;solid&#8221; global_colors_info=&#8221;{}&#8221;][\/et_pb_fullwidth_portfolio][\/et_pb_section]<\/p>\n","protected":false},"excerpt":{"rendered":"<p>Novel\u00b7la escrita en prosa po\u00e8tica de l&#8217;escriptora Virginia Blanes, sobre la qual Miquel P\u00e9rez Perell\u00f3 ha treballat. Es tracta d&#8217;una selecci\u00f3 de textos d&#8217;aquesta, musicats en diversos estils.<\/p>\n","protected":false},"author":1,"featured_media":8598,"comment_status":"open","ping_status":"closed","template":"","meta":{"_et_pb_use_builder":"on","_et_pb_old_content":"","_et_gb_content_width":"","footnotes":"","_links_to":"","_links_to_target":""},"project_category":[432,103],"project_tag":[],"class_list":["post-7021","project","type-project","status-publish","has-post-thumbnail","hentry","project_category-musica-i-literatura","project_category-projectes-de-creacio-propia"],"_links":{"self":[{"href":"https:\/\/miquelperez.com\/ca\/wp-json\/wp\/v2\/project\/7021","targetHints":{"allow":["GET"]}}],"collection":[{"href":"https:\/\/miquelperez.com\/ca\/wp-json\/wp\/v2\/project"}],"about":[{"href":"https:\/\/miquelperez.com\/ca\/wp-json\/wp\/v2\/types\/project"}],"author":[{"embeddable":true,"href":"https:\/\/miquelperez.com\/ca\/wp-json\/wp\/v2\/users\/1"}],"replies":[{"embeddable":true,"href":"https:\/\/miquelperez.com\/ca\/wp-json\/wp\/v2\/comments?post=7021"}],"version-history":[{"count":0,"href":"https:\/\/miquelperez.com\/ca\/wp-json\/wp\/v2\/project\/7021\/revisions"}],"wp:featuredmedia":[{"embeddable":true,"href":"https:\/\/miquelperez.com\/ca\/wp-json\/wp\/v2\/media\/8598"}],"wp:attachment":[{"href":"https:\/\/miquelperez.com\/ca\/wp-json\/wp\/v2\/media?parent=7021"}],"wp:term":[{"taxonomy":"project_category","embeddable":true,"href":"https:\/\/miquelperez.com\/ca\/wp-json\/wp\/v2\/project_category?post=7021"},{"taxonomy":"project_tag","embeddable":true,"href":"https:\/\/miquelperez.com\/ca\/wp-json\/wp\/v2\/project_tag?post=7021"}],"curies":[{"name":"wp","href":"https:\/\/api.w.org\/{rel}","templated":true}]}}

<p>[et_pb_section fb_built=&#8221;1&#8243; admin_label=&#8221;section&#8221; _builder_version=&#8221;4.16&#8243; global_colors_info=&#8221;{}&#8221;][et_pb_row column_structure=&#8221;1_2,1_2&#8243; admin_label=&#8221;row&#8221; _builder_version=&#8221;4.16&#8243; background_size=&#8221;initial&#8221; background_position=&#8221;top_left&#8221; background_repeat=&#8221;repeat&#8221; global_colors_info=&#8221;{}&#8221;][et_pb_column type=&#8221;1_2&#8243; _builder_version=&#8221;4.16&#8243; custom_padding=&#8221;|||&#8221; global_colors_info=&#8221;{}&#8221; custom_padding__hover=&#8221;|||&#8221;][et_pb_gallery gallery_ids=&#8221;7042&#8243; fullwidth=&#8221;on&#8221; admin_label=&#8221;Galería&#8221; _builder_version=&#8221;4.21.0&#8243; use_border_color=&#8221;off&#8221; border_color=&#8221;#ffffff&#8221; border_style=&#8221;solid&#8221; global_colors_info=&#8221;{}&#8221;][/et_pb_gallery][et_pb_text admin_label=&#8221;Músicos&#8221; _builder_version=&#8221;4.21.0&#8243; text_text_color=&#8221;#ffffff&#8221; background_color=&#8221;#d9922c&#8221; background_size=&#8221;initial&#8221; background_position=&#8221;top_left&#8221; background_repeat=&#8221;repeat&#8221; custom_padding=&#8221;10px|10px|10px|10px&#8221; use_border_color=&#8221;off&#8221; border_color=&#8221;#ffffff&#8221; border_style=&#8221;solid&#8221; global_colors_info=&#8221;{}&#8221;]</p>
<p><strong>MÚSICS</strong></p>
<ul>
<li>José Mañó: veu</li>
<li>Virginia Blanes: veu en *Salida del laberinto</li>
<li>Magdalena Martínez: flauta</li>
<li>EryTakeya: violí</li>
<li>Rafal Jeziersky: violoncel</li>
<li>Antonio Sánchez: percussió i efecto</li>
<li>Miquel Pérez Perelló: guitarra i tiorba</li>
</ul>
<p>Grabació i masterització: Tahir Durkalic</p>
<p>[/et_pb_text][/et_pb_column][et_pb_column type=&#8221;1_2&#8243; _builder_version=&#8221;4.16&#8243; custom_padding=&#8221;|||&#8221; global_colors_info=&#8221;{}&#8221; custom_padding__hover=&#8221;|||&#8221;][et_pb_text admin_label=&#8221;Texto CD&#8221; _builder_version=&#8221;4.21.0&#8243; background_size=&#8221;initial&#8221; background_position=&#8221;top_left&#8221; background_repeat=&#8221;repeat&#8221; use_border_color=&#8221;off&#8221; border_color=&#8221;#ffffff&#8221; border_style=&#8221;solid&#8221; global_colors_info=&#8221;{}&#8221;]</p>
<h2>El laberinto de los dioses. 2023</h2>
<p>“El laberinto de los dioses” (memories d&#8217;un àngel caido), és la novel·la escrita en prosa poètica de l&#8217;escriptora Virginia Blanes, sobre la qual Miquel Pérez Perelló he treballat. Es tracta d&#8217;una selecció de textos d&#8217;aquesta, musicats en diversos estils, el contingut dels quals Miquel ha volgut emfatitzar i ressaltar.</p>
<p>La temàtica de l&#8217;obra succeeix entorn de l&#8217;ombra-dimoni d&#8217;una pintora i la història d&#8217;amor que neix entre ells. Aquesta romanç serveix a l&#8217;escriptora per a desplegar tota una sèrie de coneixements implícits molt relacionats amb el treball interior i de consciència, que en el seu total resulten una analogia de la transmutació de l&#8217;ombra personal.</p>
<p>L&#8217;obra es desplega a través d&#8217;onze capítols, que encara que no poden substituir la lectura del llibre, creen una atmosfera emotiva i profunda.</p>
<p>[/et_pb_text][et_pb_button button_url=&#8221;https://miquelperez.com/ca/contratacion/&#8221; url_new_window=&#8221;on&#8221; button_text=&#8221;Contratación y reserva.&#8221; _builder_version=&#8221;4.21.0&#8243; _module_preset=&#8221;default&#8221; custom_button=&#8221;on&#8221; button_text_color=&#8221;#ffffff&#8221; button_bg_color=&#8221;#e09900&#8243; global_colors_info=&#8221;{}&#8221;][/et_pb_button][et_pb_button button_url=&#8221;https://open.spotify.com/album/6L2jAZ3G4EWpACNkBswaIl?si=_Uqmo_auTbG9B0FGM8gzNA&#8221; url_new_window=&#8221;on&#8221; button_text=&#8221;Acceso al disco en Spotify&#8221; _builder_version=&#8221;4.21.0&#8243; _module_preset=&#8221;default&#8221; global_colors_info=&#8221;{}&#8221;][/et_pb_button][et_pb_text admin_label=&#8221;lista de temas&#8221; _builder_version=&#8221;4.21.0&#8243; text_text_color=&#8221;#ffffff&#8221; background_color=&#8221;#d9922c&#8221; background_size=&#8221;initial&#8221; background_position=&#8221;top_left&#8221; background_repeat=&#8221;repeat&#8221; custom_padding=&#8221;10px|10px|10px|10px&#8221; use_border_color=&#8221;off&#8221; border_color=&#8221;#ffffff&#8221; border_style=&#8221;solid&#8221; global_colors_info=&#8221;{}&#8221;]</p>
<p><strong>CRÈDITS</strong></p>
<ol>
<li>A veces todo está oscuro</li>
<li>Ella reconoce su sombra</li>
<li>Ella me invita a jugar a través suya</li>
<li>Hada  y Daemón</li>
<li>Civilización tras civilización</li>
<li>Amor roto</li>
<li>Renuncia por amor</li>
<li>El nacimiento de los nuevos vástagos</li>
<li>Rendición</li>
<li>El nacimiento del ángel</li>
<li>Salida del laberinto</li>
</ol>
<p>[/et_pb_text][/et_pb_column][/et_pb_row][et_pb_row admin_label=&#8221;Fila&#8221; _builder_version=&#8221;4.16&#8243; background_size=&#8221;initial&#8221; background_position=&#8221;top_left&#8221; background_repeat=&#8221;repeat&#8221; global_colors_info=&#8221;{}&#8221;][et_pb_column type=&#8221;4_4&#8243; _builder_version=&#8221;4.16&#8243; custom_padding=&#8221;|||&#8221; global_colors_info=&#8221;{}&#8221; custom_padding__hover=&#8221;|||&#8221;][/et_pb_column][/et_pb_row][/et_pb_section][et_pb_section fb_built=&#8221;1&#8243; fullwidth=&#8221;on&#8221; admin_label=&#8221;Sección&#8221; _builder_version=&#8221;4.16&#8243; global_colors_info=&#8221;{}&#8221;][et_pb_fullwidth_header title=&#8221;Otros proyectos de música y literatura&#8221; content_max_width=&#8221;none&#8221; title_font_color=&#8221;#ffffff&#8221; admin_label=&#8221;Título discografia&#8221; _builder_version=&#8221;4.21.0&#8243; title_text_color=&#8221;#ffffff&#8221; background_layout=&#8221;light&#8221; custom_css_main_element=&#8221;padding:10px 0;&#8221; button_one_letter_spacing_hover=&#8221;0&#8243; button_two_letter_spacing_hover=&#8221;0&#8243; global_colors_info=&#8221;{}&#8221; button_one_text_size__hover_enabled=&#8221;off&#8221; button_two_text_size__hover_enabled=&#8221;off&#8221; button_one_text_color__hover_enabled=&#8221;off&#8221; button_two_text_color__hover_enabled=&#8221;off&#8221; button_one_border_width__hover_enabled=&#8221;off&#8221; button_two_border_width__hover_enabled=&#8221;off&#8221; button_one_border_color__hover_enabled=&#8221;off&#8221; button_two_border_color__hover_enabled=&#8221;off&#8221; button_one_border_radius__hover_enabled=&#8221;off&#8221; button_two_border_radius__hover_enabled=&#8221;off&#8221; button_one_letter_spacing__hover_enabled=&#8221;on&#8221; button_one_letter_spacing__hover=&#8221;0&#8243; button_two_letter_spacing__hover_enabled=&#8221;on&#8221; button_two_letter_spacing__hover=&#8221;0&#8243; button_one_bg_color__hover_enabled=&#8221;off&#8221; button_two_bg_color__hover_enabled=&#8221;off&#8221;][/et_pb_fullwidth_header][et_pb_fullwidth_portfolio include_categories=&#8221;38,431&#8243; show_date=&#8221;off&#8221; admin_label=&#8221;Carrusel discografia&#8221; _builder_version=&#8221;4.21.0&#8243; background_size=&#8221;initial&#8221; background_position=&#8221;top_left&#8221; background_repeat=&#8221;repeat&#8221; auto=&#8221;on&#8221; use_border_color=&#8221;off&#8221; border_color=&#8221;#ffffff&#8221; border_style=&#8221;solid&#8221; global_colors_info=&#8221;{}&#8221;][/et_pb_fullwidth_portfolio][/et_pb_section]</p>

<p>Novel·la escrita en prosa poètica de l&#8217;escriptora Virginia Blanes, sobre la qual Miquel Pérez Perelló ha treballat. Es tracta d&#8217;una selecció de textos d&#8217;aquesta, musicats en diversos estils.</p>
