{"id":1232,"date":"2017-06-02T11:13:18","date_gmt":"2017-06-02T11:13:18","guid":{"rendered":"http:\/\/miquelperez.com\/project\/pep-botifarra-pau-chafer\/"},"modified":"2017-06-26T14:13:25","modified_gmt":"2017-06-26T14:13:25","slug":"pep-botifarra-pau-chafer","status":"publish","type":"project","link":"https:\/\/miquelperez.com\/ca\/project\/pep-botifarra-pau-chafer\/","title":{"rendered":"Pep Botifarra  &#038; Pau Chafer"},"content":{"rendered":"<p>[et_pb_section bb_built=&#8221;1&#8243; admin_label=&#8221;section&#8221;][et_pb_row admin_label=&#8221;row&#8221;][et_pb_column type=&#8221;1_2&#8243;][et_pb_gallery admin_label=&#8221;Galer\u00eda&#8221; gallery_ids=&#8221;479&#8243; fullwidth=&#8221;on&#8221; orientation=&#8221;landscape&#8221; show_title_and_caption=&#8221;on&#8221; show_pagination=&#8221;on&#8221; background_layout=&#8221;light&#8221; auto=&#8221;off&#8221; hover_overlay_color=&#8221;rgba(255,255,255,0.9)&#8221; use_border_color=&#8221;off&#8221; border_color=&#8221;#ffffff&#8221; border_style=&#8221;solid&#8221; \/][et_pb_text admin_label=&#8221;C\u00f3digo lista de audio&#8221; background_layout=&#8221;light&#8221; text_orientation=&#8221;left&#8221; text_text_color=&#8221;#ffffff&#8221; background_color=&#8221;#d9922c&#8221; use_border_color=&#8221;off&#8221; border_color=&#8221;#ffffff&#8221; border_style=&#8221;solid&#8221; custom_padding=&#8221;10px|10px|10px|10px&#8221;]<\/p>\n<div class=\"cue-playlist-container\">\n<div class=\"cue-playlist cue-theme-default\" itemscope itemtype=\"http:\/\/schema.org\/MusicPlaylist\">\n\t\n\t<meta itemprop=\"numTracks\" content=\"2\" \/>\n\n\t<audio src=\"http:\/\/miquelperez.com\/wp-content\/uploads\/2017\/06\/09_Petenera-de-Xativa-16Bits_01.mp3\" controls preload=\"none\" class=\"cue-audio\" style=\"width: 100%; height: auto\"><\/audio>\n\n\t<ol class=\"cue-tracks\">\n\t\t\t\t\t<li class=\"cue-track\" itemprop=\"track\" itemscope itemtype=\"http:\/\/schema.org\/MusicRecording\">\n\t\t\t\t\n\t\t\t\t<span class=\"cue-track-details cue-track-cell\">\n\t\t\t\t\t<span class=\"cue-track-title\" itemprop=\"name\">Petenera de Xativa<\/span>\n\t\t\t\t\t<span class=\"cue-track-artist\" itemprop=\"byArtist\">Pep Gimeno &quot;Botifarra&quot; i Pau Chafer<\/span>\n\t\t\t\t<\/span>\n\n\t\t\t\t\n\t\t\t\t<span class=\"cue-track-length cue-track-cell\">3:01<\/span>\n\n\t\t\t\t\t\t\t<\/li>\n\t\t\t\t\t<li class=\"cue-track\" itemprop=\"track\" itemscope itemtype=\"http:\/\/schema.org\/MusicRecording\">\n\t\t\t\t\n\t\t\t\t<span class=\"cue-track-details cue-track-cell\">\n\t\t\t\t\t<span class=\"cue-track-title\" itemprop=\"name\">Habaneras de Cadiz<\/span>\n\t\t\t\t\t<span class=\"cue-track-artist\" itemprop=\"byArtist\">Pep Gimeno &quot;Botifarra&quot; i Pau Chafer<\/span>\n\t\t\t\t<\/span>\n\n\t\t\t\t\n\t\t\t\t<span class=\"cue-track-length cue-track-cell\">4:42<\/span>\n\n\t\t\t\t\t\t\t<\/li>\n\t\t\t<\/ol>\n\n\t<\/div>\n\t\t<script type=\"application\/json\" class=\"cue-playlist-data\">{\"embed_link\":\"https:\\\/\\\/miquelperez.com\\\/ca\\\/?cue_embed=pep-gimeno-botifarra-i-pau-chafer&cue_theme=default\",\"permalink\":\"https:\\\/\\\/miquelperez.com\\\/ca\\\/?cue_playlist=pep-gimeno-botifarra-i-pau-chafer\",\"skin\":\"cue-skin-default\",\"thumbnail\":\"https:\\\/\\\/miquelperez.com\\\/wp-content\\\/uploads\\\/2017\\\/06\\\/pepbotifarra-pauchafer-300x300.jpg\",\"tracks\":[{\"artist\":\"Pep Gimeno \\\"Botifarra\\\" i Pau Chafer\",\"artworkId\":0,\"artworkUrl\":\"\",\"audioId\":1459,\"audioUrl\":\"http:\\\/\\\/miquelperez.com\\\/wp-content\\\/uploads\\\/2017\\\/06\\\/09_Petenera-de-Xativa-16Bits_01.mp3\",\"format\":\"mp3\",\"length\":\"3:01\",\"title\":\"Petenera de Xativa\",\"order\":0,\"mp3\":\"http:\\\/\\\/miquelperez.com\\\/wp-content\\\/uploads\\\/2017\\\/06\\\/09_Petenera-de-Xativa-16Bits_01.mp3\",\"meta\":{\"artist\":\"Pep Gimeno \\\"Botifarra\\\" i Pau Chafer\",\"length_formatted\":\"3:01\"},\"src\":\"http:\\\/\\\/miquelperez.com\\\/wp-content\\\/uploads\\\/2017\\\/06\\\/09_Petenera-de-Xativa-16Bits_01.mp3\",\"thumb\":{\"src\":\"\"}},{\"artist\":\"Pep Gimeno \\\"Botifarra\\\" i Pau Chafer\",\"artworkId\":0,\"artworkUrl\":\"\",\"audioId\":1462,\"audioUrl\":\"http:\\\/\\\/miquelperez.com\\\/wp-content\\\/uploads\\\/2017\\\/06\\\/10_Habaneras-de-Cadiz-16Bits_01.mp3\",\"format\":\"mp3\",\"length\":\"4:42\",\"title\":\"Habaneras de Cadiz\",\"order\":1,\"mp3\":\"http:\\\/\\\/miquelperez.com\\\/wp-content\\\/uploads\\\/2017\\\/06\\\/10_Habaneras-de-Cadiz-16Bits_01.mp3\",\"meta\":{\"artist\":\"Pep Gimeno \\\"Botifarra\\\" i Pau Chafer\",\"length_formatted\":\"4:42\"},\"src\":\"http:\\\/\\\/miquelperez.com\\\/wp-content\\\/uploads\\\/2017\\\/06\\\/10_Habaneras-de-Cadiz-16Bits_01.mp3\",\"thumb\":{\"src\":\"\"}}]}<\/script>\n\t\t<\/div>\n<p>[\/et_pb_text][et_pb_video admin_label=&#8221;V\u00eddeo&#8221; src=&#8221;https:\/\/www.youtube.com\/watch?v=2SlNllIYUAU&#8221; \/][et_pb_video admin_label=&#8221;V\u00eddeo&#8221; src=&#8221;https:\/\/www.youtube.com\/watch?v=9WFRhptugHE&#8221; \/][\/et_pb_column][et_pb_column type=&#8221;1_2&#8243;][et_pb_text admin_label=&#8221;Texto CD&#8221; background_layout=&#8221;light&#8221; text_orientation=&#8221;left&#8221; use_border_color=&#8221;off&#8221; border_color=&#8221;#ffffff&#8221; border_style=&#8221;solid&#8221;]<\/p>\n<h2><strong>A un home que ve del poble, ning\u00fa fa abaixar la cara<\/strong><\/h2>\n<p style=\"text-align: justify;\">El \u00e1lbum &#8220;A un home que ve del poble, ning\u00fa fa abaixar la cara&#8221; incluye piezas tradicionales con rondalla y arreglos contempor\u00e1neos pr\u00f3ximos al jazz. Un trabajo donde han grabado una decena de piezas con temas tradicionales como \u2018San Rorro\u2019 y la \u2018La mazurca del agredol\u00e7\u2019, junto a otras m\u00e1s contempor\u00e1neas \u2018El t\u00edo canya\u2019 (Al Tall), \u2018Habenera del peix enamorat\u2019 (Eliseo Parra) y \u2018Habenera de C\u00e1diz\u2019 (Carlos Cano).<\/p>\n<p style=\"text-align: justify;\">La novedad de este proyecto son los arreglos de Pau Ch\u00e0fer con un toque de piano jazz\u00edstico, bater\u00eda y bajo el\u00e9ctrico, junto a la formaci\u00f3n t\u00edpica de rondalla valenciana (lla\u00fct, bandurria, dol\u00e7aina,\u2026).<\/p>\n<p style=\"text-align: justify;\">En la grabaci\u00f3n de los temas les acompa\u00f1an m\u00fasicos excepcionales del mundo tradicional: Tobal Rentero (guitarr\u00f3, lla\u00fct, band\u00farria, dol\u00e7aina, mandolina y percusiones), \u00d2scar Vila (bajo, guitarra, guitarr\u00f3 y mandolina), Miguel P\u00e9rez (guitarra y tiorba), Vicent Ch\u00e0fer (band\u00farria, lla\u00fct y guitarr\u00f3n) y Edu Omedo (bater\u00eda y percusiones).\u00a0 Miquel Gil aparece como invitado en \u2018La jota de la serra\u2019.<\/p>\n<p>[\/et_pb_text][et_pb_text admin_label=&#8221;lista de temas&#8221; background_layout=&#8221;light&#8221; text_orientation=&#8221;left&#8221; text_text_color=&#8221;#ffffff&#8221; background_color=&#8221;#d9922c&#8221; use_border_color=&#8221;off&#8221; border_color=&#8221;#ffffff&#8221; border_style=&#8221;solid&#8221; custom_padding=&#8221;10px|10px|10px|10px&#8221;]<\/p>\n<p><strong>Temas del disco<\/strong><\/p>\n<ol>\n<li>Cant de batre<\/li>\n<li>Bolero de Guadassuar<\/li>\n<li>Tio canya<\/li>\n<li>U d\u2019Antella<\/li>\n<li>San Rorro<\/li>\n<li>Habanera del peix enamorat<\/li>\n<li>Jota de la serra<\/li>\n<li>Masurca de l\u2019agredol\u00e7<\/li>\n<li>Petenera de X\u00e0tiva<\/li>\n<li>Habaneras de C\u00e1diz<\/li>\n<\/ol>\n<p>[\/et_pb_text][et_pb_video admin_label=&#8221;V\u00eddeo&#8221; src=&#8221;https:\/\/www.youtube.com\/watch?v=zMbtrKDXNIk&#8221; \/][\/et_pb_column][\/et_pb_row][et_pb_row admin_label=&#8221;Fila&#8221;][et_pb_column type=&#8221;4_4&#8243;][et_pb_text admin_label=&#8221;Galeria fotos&#8221; background_layout=&#8221;light&#8221; text_orientation=&#8221;left&#8221; use_border_color=&#8221;off&#8221; border_color=&#8221;#ffffff&#8221; border_style=&#8221;solid&#8221;] [photo_gallery_wp id=&#8221;8&#8243;] [\/et_pb_text][\/et_pb_column][\/et_pb_row][\/et_pb_section][et_pb_section bb_built=&#8221;1&#8243; admin_label=&#8221;Secci\u00f3n&#8221; fullwidth=&#8221;on&#8221; specialty=&#8221;off&#8221;][et_pb_fullwidth_header admin_label=&#8221;T\u00edtulo discografia&#8221; title=&#8221;Discograf\u00eda&#8221; background_layout=&#8221;light&#8221; text_orientation=&#8221;left&#8221; header_fullscreen=&#8221;off&#8221; header_scroll_down=&#8221;off&#8221; background_color=&#8221;#d9922c&#8221; parallax=&#8221;off&#8221; parallax_method=&#8221;off&#8221; content_orientation=&#8221;center&#8221; image_orientation=&#8221;center&#8221; title_font_color=&#8221;#ffffff&#8221; custom_button_one=&#8221;off&#8221; button_one_letter_spacing=&#8221;0&#8243; button_one_use_icon=&#8221;default&#8221; button_one_icon_placement=&#8221;right&#8221; button_one_on_hover=&#8221;on&#8221; button_one_letter_spacing_hover=&#8221;0&#8243; custom_button_two=&#8221;off&#8221; button_two_letter_spacing=&#8221;0&#8243; button_two_use_icon=&#8221;default&#8221; button_two_icon_placement=&#8221;right&#8221; button_two_on_hover=&#8221;on&#8221; button_two_letter_spacing_hover=&#8221;0&#8243; custom_css_main_element=&#8221;padding:10px 0;&#8221; \/][et_pb_fullwidth_portfolio admin_label=&#8221;Carrusel discografia&#8221; fullwidth=&#8221;on&#8221; include_categories=&#8221;39,41,40,38&#8243; show_title=&#8221;on&#8221; show_date=&#8221;off&#8221; background_layout=&#8221;light&#8221; auto=&#8221;on&#8221; hover_overlay_color=&#8221;rgba(255,255,255,0.9)&#8221; use_border_color=&#8221;off&#8221; border_color=&#8221;#ffffff&#8221; border_style=&#8221;solid&#8221; \/][\/et_pb_section]<\/p>\n","protected":false},"excerpt":{"rendered":"<p>Un espect\u00e1culo en vivo, con todo el sabor de aquellas piezas ancestrales del folklore y la tradici\u00f3n popular valencianas,<\/p>\n","protected":false},"author":1,"featured_media":480,"comment_status":"open","ping_status":"closed","template":"","meta":{"_et_pb_use_builder":"on","_et_pb_old_content":"","_et_gb_content_width":"","footnotes":"","_links_to":"","_links_to_target":""},"project_category":[97],"project_tag":[],"class_list":["post-1232","project","type-project","status-publish","has-post-thumbnail","hentry","project_category-colablaboracions"],"_links":{"self":[{"href":"https:\/\/miquelperez.com\/ca\/wp-json\/wp\/v2\/project\/1232","targetHints":{"allow":["GET"]}}],"collection":[{"href":"https:\/\/miquelperez.com\/ca\/wp-json\/wp\/v2\/project"}],"about":[{"href":"https:\/\/miquelperez.com\/ca\/wp-json\/wp\/v2\/types\/project"}],"author":[{"embeddable":true,"href":"https:\/\/miquelperez.com\/ca\/wp-json\/wp\/v2\/users\/1"}],"replies":[{"embeddable":true,"href":"https:\/\/miquelperez.com\/ca\/wp-json\/wp\/v2\/comments?post=1232"}],"version-history":[{"count":0,"href":"https:\/\/miquelperez.com\/ca\/wp-json\/wp\/v2\/project\/1232\/revisions"}],"wp:featuredmedia":[{"embeddable":true,"href":"https:\/\/miquelperez.com\/ca\/wp-json\/wp\/v2\/media\/480"}],"wp:attachment":[{"href":"https:\/\/miquelperez.com\/ca\/wp-json\/wp\/v2\/media?parent=1232"}],"wp:term":[{"taxonomy":"project_category","embeddable":true,"href":"https:\/\/miquelperez.com\/ca\/wp-json\/wp\/v2\/project_category?post=1232"},{"taxonomy":"project_tag","embeddable":true,"href":"https:\/\/miquelperez.com\/ca\/wp-json\/wp\/v2\/project_tag?post=1232"}],"curies":[{"name":"wp","href":"https:\/\/api.w.org\/{rel}","templated":true}]}}

<p>[et_pb_section bb_built=&#8221;1&#8243; admin_label=&#8221;section&#8221;][et_pb_row admin_label=&#8221;row&#8221;][et_pb_column type=&#8221;1_2&#8243;][et_pb_gallery admin_label=&#8221;Galería&#8221; gallery_ids=&#8221;479&#8243; fullwidth=&#8221;on&#8221; orientation=&#8221;landscape&#8221; show_title_and_caption=&#8221;on&#8221; show_pagination=&#8221;on&#8221; background_layout=&#8221;light&#8221; auto=&#8221;off&#8221; hover_overlay_color=&#8221;rgba(255,255,255,0.9)&#8221; use_border_color=&#8221;off&#8221; border_color=&#8221;#ffffff&#8221; border_style=&#8221;solid&#8221; /][et_pb_text admin_label=&#8221;Código lista de audio&#8221; background_layout=&#8221;light&#8221; text_orientation=&#8221;left&#8221; text_text_color=&#8221;#ffffff&#8221; background_color=&#8221;#d9922c&#8221; use_border_color=&#8221;off&#8221; border_color=&#8221;#ffffff&#8221; border_style=&#8221;solid&#8221; custom_padding=&#8221;10px|10px|10px|10px&#8221;]</p>
<div class="cue-playlist-container">
<div class="cue-playlist cue-theme-default" itemscope itemtype="http://schema.org/MusicPlaylist">
	
	<meta itemprop="numTracks" content="2" />

	<audio src="http://miquelperez.com/wp-content/uploads/2017/06/09_Petenera-de-Xativa-16Bits_01.mp3" controls preload="none" class="cue-audio" style="width: 100%; height: auto"></audio>

	<ol class="cue-tracks">
					<li class="cue-track" itemprop="track" itemscope itemtype="http://schema.org/MusicRecording">
				
				<span class="cue-track-details cue-track-cell">
					<span class="cue-track-title" itemprop="name">Petenera de Xativa</span>
					<span class="cue-track-artist" itemprop="byArtist">Pep Gimeno &quot;Botifarra&quot; i Pau Chafer</span>
				</span>

				
				<span class="cue-track-length cue-track-cell">3:01</span>

							</li>
					<li class="cue-track" itemprop="track" itemscope itemtype="http://schema.org/MusicRecording">
				
				<span class="cue-track-details cue-track-cell">
					<span class="cue-track-title" itemprop="name">Habaneras de Cadiz</span>
					<span class="cue-track-artist" itemprop="byArtist">Pep Gimeno &quot;Botifarra&quot; i Pau Chafer</span>
				</span>

				
				<span class="cue-track-length cue-track-cell">4:42</span>

							</li>
			</ol>

	</div>
		<script type="application/json" class="cue-playlist-data">{"embed_link":"https:\/\/miquelperez.com\/ca\/?cue_embed=pep-gimeno-botifarra-i-pau-chafer&cue_theme=default","permalink":"https:\/\/miquelperez.com\/ca\/?cue_playlist=pep-gimeno-botifarra-i-pau-chafer","skin":"cue-skin-default","thumbnail":"https:\/\/miquelperez.com\/wp-content\/uploads\/2017\/06\/pepbotifarra-pauchafer-300x300.jpg","tracks":[{"artist":"Pep Gimeno \"Botifarra\" i Pau Chafer","artworkId":0,"artworkUrl":"","audioId":1459,"audioUrl":"http:\/\/miquelperez.com\/wp-content\/uploads\/2017\/06\/09_Petenera-de-Xativa-16Bits_01.mp3","format":"mp3","length":"3:01","title":"Petenera de Xativa","order":0,"mp3":"http:\/\/miquelperez.com\/wp-content\/uploads\/2017\/06\/09_Petenera-de-Xativa-16Bits_01.mp3","meta":{"artist":"Pep Gimeno \"Botifarra\" i Pau Chafer","length_formatted":"3:01"},"src":"http:\/\/miquelperez.com\/wp-content\/uploads\/2017\/06\/09_Petenera-de-Xativa-16Bits_01.mp3","thumb":{"src":""}},{"artist":"Pep Gimeno \"Botifarra\" i Pau Chafer","artworkId":0,"artworkUrl":"","audioId":1462,"audioUrl":"http:\/\/miquelperez.com\/wp-content\/uploads\/2017\/06\/10_Habaneras-de-Cadiz-16Bits_01.mp3","format":"mp3","length":"4:42","title":"Habaneras de Cadiz","order":1,"mp3":"http:\/\/miquelperez.com\/wp-content\/uploads\/2017\/06\/10_Habaneras-de-Cadiz-16Bits_01.mp3","meta":{"artist":"Pep Gimeno \"Botifarra\" i Pau Chafer","length_formatted":"4:42"},"src":"http:\/\/miquelperez.com\/wp-content\/uploads\/2017\/06\/10_Habaneras-de-Cadiz-16Bits_01.mp3","thumb":{"src":""}}]}</script>
		</div>
<p>[/et_pb_text][et_pb_video admin_label=&#8221;Vídeo&#8221; src=&#8221;https://www.youtube.com/watch?v=2SlNllIYUAU&#8221; /][et_pb_video admin_label=&#8221;Vídeo&#8221; src=&#8221;https://www.youtube.com/watch?v=9WFRhptugHE&#8221; /][/et_pb_column][et_pb_column type=&#8221;1_2&#8243;][et_pb_text admin_label=&#8221;Texto CD&#8221; background_layout=&#8221;light&#8221; text_orientation=&#8221;left&#8221; use_border_color=&#8221;off&#8221; border_color=&#8221;#ffffff&#8221; border_style=&#8221;solid&#8221;]</p>
<h2><strong>A un home que ve del poble, ningú fa abaixar la cara</strong></h2>
<p style="text-align: justify;">El álbum &#8220;A un home que ve del poble, ningú fa abaixar la cara&#8221; incluye piezas tradicionales con rondalla y arreglos contemporáneos próximos al jazz. Un trabajo donde han grabado una decena de piezas con temas tradicionales como ‘San Rorro’ y la ‘La mazurca del agredolç’, junto a otras más contemporáneas ‘El tío canya’ (Al Tall), ‘Habenera del peix enamorat’ (Eliseo Parra) y ‘Habenera de Cádiz’ (Carlos Cano).</p>
<p style="text-align: justify;">La novedad de este proyecto son los arreglos de Pau Chàfer con un toque de piano jazzístico, batería y bajo eléctrico, junto a la formación típica de rondalla valenciana (llaüt, bandurria, dolçaina,…).</p>
<p style="text-align: justify;">En la grabación de los temas les acompañan músicos excepcionales del mundo tradicional: Tobal Rentero (guitarró, llaüt, bandúrria, dolçaina, mandolina y percusiones), Òscar Vila (bajo, guitarra, guitarró y mandolina), Miguel Pérez (guitarra y tiorba), Vicent Chàfer (bandúrria, llaüt y guitarrón) y Edu Omedo (batería y percusiones).  Miquel Gil aparece como invitado en ‘La jota de la serra’.</p>
<p>[/et_pb_text][et_pb_text admin_label=&#8221;lista de temas&#8221; background_layout=&#8221;light&#8221; text_orientation=&#8221;left&#8221; text_text_color=&#8221;#ffffff&#8221; background_color=&#8221;#d9922c&#8221; use_border_color=&#8221;off&#8221; border_color=&#8221;#ffffff&#8221; border_style=&#8221;solid&#8221; custom_padding=&#8221;10px|10px|10px|10px&#8221;]</p>
<p><strong>Temas del disco</strong></p>
<ol>
<li>Cant de batre</li>
<li>Bolero de Guadassuar</li>
<li>Tio canya</li>
<li>U d’Antella</li>
<li>San Rorro</li>
<li>Habanera del peix enamorat</li>
<li>Jota de la serra</li>
<li>Masurca de l’agredolç</li>
<li>Petenera de Xàtiva</li>
<li>Habaneras de Cádiz</li>
</ol>
<p>[/et_pb_text][et_pb_video admin_label=&#8221;Vídeo&#8221; src=&#8221;https://www.youtube.com/watch?v=zMbtrKDXNIk&#8221; /][/et_pb_column][/et_pb_row][et_pb_row admin_label=&#8221;Fila&#8221;][et_pb_column type=&#8221;4_4&#8243;][et_pb_text admin_label=&#8221;Galeria fotos&#8221; background_layout=&#8221;light&#8221; text_orientation=&#8221;left&#8221; use_border_color=&#8221;off&#8221; border_color=&#8221;#ffffff&#8221; border_style=&#8221;solid&#8221;] [photo_gallery_wp id=&#8221;8&#8243;] [/et_pb_text][/et_pb_column][/et_pb_row][/et_pb_section][et_pb_section bb_built=&#8221;1&#8243; admin_label=&#8221;Sección&#8221; fullwidth=&#8221;on&#8221; specialty=&#8221;off&#8221;][et_pb_fullwidth_header admin_label=&#8221;Título discografia&#8221; title=&#8221;Discografía&#8221; background_layout=&#8221;light&#8221; text_orientation=&#8221;left&#8221; header_fullscreen=&#8221;off&#8221; header_scroll_down=&#8221;off&#8221; background_color=&#8221;#d9922c&#8221; parallax=&#8221;off&#8221; parallax_method=&#8221;off&#8221; content_orientation=&#8221;center&#8221; image_orientation=&#8221;center&#8221; title_font_color=&#8221;#ffffff&#8221; custom_button_one=&#8221;off&#8221; button_one_letter_spacing=&#8221;0&#8243; button_one_use_icon=&#8221;default&#8221; button_one_icon_placement=&#8221;right&#8221; button_one_on_hover=&#8221;on&#8221; button_one_letter_spacing_hover=&#8221;0&#8243; custom_button_two=&#8221;off&#8221; button_two_letter_spacing=&#8221;0&#8243; button_two_use_icon=&#8221;default&#8221; button_two_icon_placement=&#8221;right&#8221; button_two_on_hover=&#8221;on&#8221; button_two_letter_spacing_hover=&#8221;0&#8243; custom_css_main_element=&#8221;padding:10px 0;&#8221; /][et_pb_fullwidth_portfolio admin_label=&#8221;Carrusel discografia&#8221; fullwidth=&#8221;on&#8221; include_categories=&#8221;39,41,40,38&#8243; show_title=&#8221;on&#8221; show_date=&#8221;off&#8221; background_layout=&#8221;light&#8221; auto=&#8221;on&#8221; hover_overlay_color=&#8221;rgba(255,255,255,0.9)&#8221; use_border_color=&#8221;off&#8221; border_color=&#8221;#ffffff&#8221; border_style=&#8221;solid&#8221; /][/et_pb_section]</p>

<p>Un espectáculo en vivo, con todo el sabor de aquellas piezas ancestrales del folklore y la tradición popular valencianas,</p>
